218, -3*u - 2*u + 331 = 3*y. What is the tens digit of y?
1
Let l = 127 + -251. What is the units digit of (-1)/(1*4/l)?
1
Let l be -2 + 10/2 - 12. Let k be l/6*(-4)/(-3). What is the units digit of (k - 0) + (-64)/(-4)?
4
Let s(p) = p**2 - 3*p - 2. Let b be s(-1). What is the tens digit of 390/40 + b/8?
1
Let x(i) = i**2 - 7*i - 4. Let g be x(8). Suppose 4*l - 3*l + 4*u - 3 = 0, -g*u = -5*l + 39. What is the units digit of l - 1*4/2?
5
Let t = -2 + 19. What is the tens digit of t?
1
Suppose -2*x + 3*d = -d - 30, -5 = -3*x - 2*d. Let r(t) = -t**2 + 10*t + 4. What is the tens digit of r(x)?
2
Suppose -5*u - 3*z = -0*z + 27, -8 = 4*u - z. What is the units digit of 3 + (u + 2 - -11)?
3
Suppose 4 = 3*z + 3*v + 1, 16 = -4*v. What is the units digit of 8/5*1*z?
8
Let f(a) = -17*a - 19. What is the units digit of f(-15)?
6
Let r = 46 - 24. What is the tens digit of r?
2
Let a(f) = 2*f - 22. Let t be a(11). Suppose t = 4*n - 141 + 29. What is the units digit of n?
8
Suppose 96 = s + 2*s. Let j = s + -17. What is the tens digit of j?
1
Suppose 0 = 2*j - 3*u - 6, -4*j - 4*u = u + 10. Suppose 0 = -0*q + 3*q - 15, 2*d - q - 109 = j. What is the tens digit of d?
5
Let v(h) be the first derivative of 6*h**2 - 4*h + 4. What is the tens digit of v(3)?
3
Let r = 27 - 61. Let h = r + 19. Let n = h - -32. What is the tens digit of n?
1
Let z = 3 - -3. Suppose 0 = -4*f - 16. What is the units digit of f + z - (-3 + 0)?
5
Let h = 76 + 9. What is the tens digit of h?
8
Suppose -3*l + 33 = -93. What is the tens digit of l?
4
Let x(s) be the first derivative of s**4/4 - 2*s**3 + s**2/2 - 3. Let d be 5*((-1)/(-5) - -1). What is the units digit of x(d)?
6
Suppose 6 = -5*z - 3*i, -4*z + 8 = -0*i - 4*i. Suppose 0 = -3*d - z*s + 4*s + 11, 4*d = -s + 21. Suppose -4*f - 1 = -d. What is the units digit of f?
1
Let s(j) = -3*j - 4. Suppose -3*o + 0*o = 12. What is the units digit of s(o)?
8
Let n(m) = 5*m - 6. Let j be n(10). Let f = j - 31. What is the tens digit of f?
1
Let u(d) = d**2 + 4*d - 8. Let z be (-6)/((-1)/(-1 + 0)). Let i be u(z). Suppose 4*g - i - 20 = 0. What is the units digit of g?
6
Suppose 11*p + 1311 = 16*p + 3*f, 5*f + 512 = 2*p. What is the units digit of p?
1
Suppose -2*a + 14 = 4*y - 4*a, -4*a = -y. Suppose y*k - 25 = -k. What is the units digit of k?
5
Suppose 5*t + 71 = 3*d, -d + t - 2*t + 21 = 0. What is the units digit of d?
2
Suppose 0 = 5*f - 20, a - 2*a + 21 = f. Suppose 2*w + 7 - a = 3*u, -4*w = 2*u - 20. What is the units digit of w?
5
Let t be 3/(5/((-50)/(-6))). Suppose -t*x = -81 + 1. What is the tens digit of x?
1
Let q(t) = -2*t**3 - 2*t**2 - 2*t - 2. Let j be ((-6)/12)/(2/(-16)). Let h = j + -6. What is the units digit of q(h)?
0
Suppose -2*v + 283 = 3*k, 0*k + 370 = 4*k - v. Suppose 4*i - 23 = k. What is the units digit of i?
9
What is the units digit of 485/25 + 8/(-20)?
9
Suppose g + 4*g - 100 = 0. What is the tens digit of g?
2
Let k(n) = -4*n - 2. Let g be (-19)/7 + 8/(-28). What is the units digit of k(g)?
0
Let q be ((-4)/2)/((-8)/116). Let t = q + 11. What is the units digit of t?
0
Let a be 0/(3 - (1 + 1)). Suppose a*i - 3*i + 81 = 0. Let d = 40 - i. What is the tens digit of d?
1
Let y(m) = -m**3 + 3*m**2 + 5*m - 4. Let t be y(4). Suppose -60 = -5*u - t*u. What is the units digit of u?
2
Suppose c + 28 = 5*k + 2*c, -k + 5*c + 16 = 0. What is the units digit of k?
6
Suppose -4*r - r + 95 = 0. What is the units digit of r?
9
Suppose 3*x + 4*r = 18, -3*r + 27 = 4*x + 10. Suppose 8 = -x*c + 36. What is the units digit of c?
4
Suppose 3*l = 7*l. Suppose -b + 6 = -l. Let a(n) = -n**2 + 5*n + 8. What is the units digit of a(b)?
2
Let c(u) = u**3 + 2*u**2 - 5*u + 3. What is the units digit of c(-3)?
9
Suppose 5*m + 126 = -494. What is the units digit of m/10*(-45)/18?
1
Let m = 42 + -17. Suppose x + m = 43. What is the tens digit of x?
1
Let k(m) = 3*m + 15. What is the units digit of k(8)?
9
Suppose 9*d - 1575 = -6*d. What is the tens digit of d?
0
Suppose 2*v = -4*c + 30, 4*c = -c - v + 30. What is the units digit of c?
5
Let s(j) = -10*j + 1. Let g be s(-3). Let z = g - 20. What is the tens digit of z?
1
Let d(p) = -8*p - p**2 + 2 + 2 - 5. Let o be d(-9). Let u = -4 - o. What is the units digit of u?
6
Let v(s) = -s**2 + 6*s - 1. Suppose 2*q = 6*q - 20. What is the units digit of v(q)?
4
Let o = -4 - 4. Let g(n) = -n**2 + 1. Let m(v) = 7*v**2 + 7*v - 13. Let w(p) = 6*g(p) + m(p). What is the units digit of w(o)?
1
Suppose -s - 4 = -2*w, -4*s = -4*w + 5*w - 2. Suppose w*h = h + 15. What is the units digit of h?
5
Suppose -v + 81 + 45 = 0. What is the units digit of v?
6
Suppose -4*j + 7*w - 3*w = 4, 2*j - 4*w + 12 = 0. What is the tens digit of -21*(-2)/j*2?
2
Let w = 23 + 12. What is the tens digit of w?
3
Let x(d) = d**2 + 6*d + 4. Let t be x(-4). What is the units digit of (-10)/t*24/20?
3
Let d(w) = 281*w**3 + w**2 - 2*w + 1. What is the hundreds digit of d(1)?
2
Suppose -5*d = -0*d + 45. What is the units digit of 1*d*(0 + -1)?
9
Let n(x) = -2*x**2 + 3*x - 5. Let a(z) = z**2 - 3*z + 4. Let m(t) = -t**3 + t - 3. Let l be m(0). Let g(i) = l*a(i) - 2*n(i). What is the units digit of g(-4)?
2
Let w(t) = -5*t**3 - 2*t - 1. What is the tens digit of w(-2)?
4
Suppose 0 = -2*w + 2 + 4. Suppose 0 = g - 9 - w. What is the units digit of g?
2
Let q = -80 + 119. What is the tens digit of q?
3
Suppose -v + 5*t - 23 = 0, -4*v + 29 - 87 = -3*t. Let r = v - 7. Let s = -9 - r. What is the units digit of s?
1
Suppose -274 = 10*o - 12*o. What is the units digit of o?
7
Suppose -4*s = 2*n + 14, -3 = 2*n - s + 1. Let o be 2/n - 16/(-6). Suppose o*g - 2 = g. What is the units digit of g?
2
What is the units digit of (-30)/20*254/(-3)?
7
Let t(r) = 4*r - 2. Let z be t(-2). Let u = z + 36. Suppose -o + 2*q = o - 12, -2*o - 5*q + u = 0. What is the units digit of o?
8
Let a be (-54)/(-4) - 6/4. Suppose a = -4*j + 2*j. What is the units digit of (-1)/(-3)*j/(-2)?
1
Suppose 0 = -0*j + 5*j - 10. Suppose k + 1 = 4*s - j, 0 = s - 4*k + 18. What is the units digit of s?
2
Let v = -7 + 9. Suppose -4 = v*u - 10. What is the units digit of u?
3
Let j = -31 + 104. What is the tens digit of j?
7
Let a be (2*-1)/(3/6). Let i = a - -5. What is the units digit of i?
1
Let c(p) = p**3 + 7*p**2 + 5*p - 7. Let x be c(-6). What is the units digit of 15 - ((x - -2) + -2)?
6
Suppose -5*n - 12 = -c + 3, -1 = -3*c + 4*n. What is the tens digit of c*(1 + (-34)/10)?
1
Let n = 196 - 100. What is the tens digit of n?
9
Let n(b) = 2*b + 1. Let x be n(-1). Let p be 48/(-4) - (x - 1). What is the tens digit of (-27)/3*p/6?
1
Let i(h) = -3*h - 17. Let b be i(-7). Let m(d) = -6*d. Let w be m(-2). Suppose -4*a + w = b*l, -17 = a - 5*a + l. What is the units digit of a?
4
What is the tens digit of 10130/30 + 4/(-6)?
3
Let p(a) = -7*a**2 + 4*a - 3. Let t be p(2). Let j = -8 - t. What is the units digit of j?
5
What is the units digit of (-5)/(-3 + (-2)/(-1))?
5
Suppose 4*s - 4 + 0 = 4*l, 0 = l - 3*s + 9. Let y = l + 0. Suppose m = y*m - 4*t + 8, -4*m + t + 19 = 0. What is the units digit of m?
6
Let z = -5 + 8. Suppose z*g - 5*p = 15, -8 = 4*g + 4*p - 28. Suppose 5*i - 5 = g. What is the units digit of i?
2
Let r(d) = -1 + 1 + 4 + d - 3. Suppose 0 = -3*s + s + 10. What is the units digit of r(s)?
6
Let v be 2/(((-3)/6)/(-1)). Let o be (-18)/v*10/(-15). Suppose o*l + 2 - 8 = 0. What is the units digit of l?
2
Let u(m) = m + 10. Let v be u(-6). Let n = v - 0. Suppose 5*c + j = 72, 0 = -5*c + n*j + 97 - 10. What is the tens digit of c?
1
Let n = 71 + -103. Let k be 468/(-24) - 2/(-4). Let c = k - n. What is the tens digit of c?
1
Suppose q + 2*y - 5*y - 286 = 0, 2*y = 2*q - 584. What is the hundreds digit of q?
2
Let p(c) = c**3 + 19*c**2 + 19. What is the tens digit of p(-19)?
1
Let z = -86 - -104. What is the tens digit of z?
1
Let d(w) = 8*w - 4. Let v be d(3). Let g = -14 + v. What is the units digit of g?
6
Let q(k) = k**2 + 5*k - 3. Let i be q(-6). Suppose -5*g = -25, -2*w + g + 5 = i*w. What is the units digit of w?
2
Let r be (1 - -5) + -1 + -1. Let b = 111 - 86. Suppose 15 = -s + 2*s - r*f, -3*s + b = -2*f. What is the units digit of s?
7
Let p = 106 - 28. What is the units digit of p?
8
What is the hundreds digit of 4 - 200/52 - (-5898)/26?
2
Suppose -p + 10 = p. Suppose f 